 common factor of 225 and 1216755?
45
Calculate the greatest common divisor of 594235 and 51.
17
What is the highest common factor of 1372 and 3766?
14
Calculate the highest common factor of 264 and 10608.
24
Calculate the highest common factor of 20468 and 320264.
1204
Calculate the greatest common divisor of 332 and 16517.
83
Calculate the greatest common factor of 689904 and 18.
18
What is the highest common factor of 216 and 268?
4
Calculate the greatest common divisor of 1476 and 136284.
492
What is the greatest common divisor of 12 and 449708?
4
Calculate the highest common factor of 68 and 65722.
34
What is the greatest common divisor of 10 and 808145?
5
Calculate the highest common divisor of 266389 and 547.
547
Calculate the highest common divisor of 4284 and 468.
36
Calculate the greatest common divisor of 208169 and 1195.
239
Calculate the highest common factor of 710 and 498846.
142
Calculate the greatest common factor of 26 and 3469817.
13
What is the highest common divisor of 9193 and 20288?
317
Calculate the highest common factor of 888 and 14097.
111
Calculate the greatest common divisor of 413262 and 324.
162
Calculate the greatest common factor of 612 and 8432.
68
What is the greatest common factor of 52192 and 5600?
224
What is the highest common factor of 2986872 and 552?
552
What is the highest common divisor of 234368 and 64?
64
What is the greatest common divisor of 132 and 164417?
11
What is the greatest common divisor of 22398195 and 15?
15
Calculate the highest common divisor of 837 and 1836.
27
What is the highest common divisor of 1788 and 996?
12
Calculate the greatest common divisor of 6850318 and 62.
62
What is the highest common divisor of 772 and 21809?
193
What is the greatest common divisor of 29772 and 108?
36
Calculate the highest common divisor of 8 and 2118.
2
What is the highest common divisor of 258 and 3741?
129
Calculate the highest common factor of 47154 and 2784.
174
What is the greatest common divisor of 616 and 1162?
14
What is the greatest common divisor of 41293 and 357?
119
Calculate the greatest common factor of 132187 and 2013.
671
What is the highest common divisor of 13680 and 8820?
180
Calculate the highest common factor of 284404 and 388.
388
What is the highest common divisor of 1093920 and 430?
430
What is the greatest common divisor of 3367 and 69745?
481
What is the highest common factor of 3012 and 156?
12
What is the greatest common divisor of 22528 and 528?
176
Calculate the highest common factor of 12 and 109708.
4
What is the greatest common factor of 520620 and 30?
30
What is the greatest common divisor of 4 and 625?
1
What is the highest common divisor of 76432 and 408?
136
Calculate the highest common factor of 49444 and 3008.
188
What is the highest common factor of 288168 and 48?
24
Calculate the highest common divisor of 7154 and 51246.
146
Calculate the greatest common factor of 465 and 480.
15
Calculate the greatest common divisor of 90258 and 18.
6
What is the highest common divisor of 111050 and 1050?
50
Calculate the highest common divisor of 610 and 10858.
122
What is the highest common factor of 360542 and 4095?
91
What is the highest common divisor of 30 and 45590?
10
What is the highest common divisor of 90 and 187905?
15
What is the highest common divisor of 8 and 706528?
8
Calculate the highest common factor of 5004 and 11166426.
2502
Calculate the greatest common factor of 2296 and 182168.
56
What is the highest common factor of 6 and 2132274?
6
What is the greatest common divisor of 410700 and 1500?
300
What is the greatest common divisor of 141976 and 24?
8
Calculate the greatest common divisor of 48920 and 80.
40
What is the greatest common divisor of 75615 and 71?
71
Calculate the greatest common divisor of 1950004 and 686.
98
What is the highest common divisor of 58 and 55004?
2
What is the highest common divisor of 927 and 2736?
9
What is the greatest common divisor of 93692 and 12?
4
Calculate the greatest common divisor of 103389 and 6864.
429
What is the highest common divisor of 10568 and 16?
8
What is the greatest common factor of 106049 and 346?
173
What is the greatest common divisor of 5360242 and 3496?
874
Calculate the greatest common divisor of 490 and 650965.
245
What is the highest common factor of 570 and 1159?
19
What is the highest common factor of 140728 and 392?
392
What is the highest common divisor of 279 and 10757?
31
What is the greatest common factor of 10 and 12085?
5
Calculate the greatest common divisor of 402 and 670.
134
Calculate the greatest common factor of 384 and 1374.
6
What is the greatest common divisor of 12545 and 130?
65
What is the highest common factor of 688 and 5158108?
172
Calculate the greatest common factor of 12560 and 464.
16
Calculate the greatest common factor of 403830 and 29486.
1282
What is the highest common factor of 250 and 1036600?
50
Calculate the highest common factor of 229968 and 2448.
144
Calculate the highest common factor of 306 and 215118.
306
What is the highest common factor of 385801 and 9971?
767
What is the highest common divisor of 26 and 1537302?
26
What is the highest common factor of 27752 and 8?
8
What is the highest common factor of 176995 and 65?
65
What is the highest common factor of 416 and 2843672?
104
Calculate the highest common factor of 3025470 and 210.
210
What is the greatest common factor of 1955 and 85192?
23
What is the greatest common factor of 835 and 167?
167
Calculate the greatest common divisor of 38 and 101384.
38
What is the greatest common factor of 22010 and 930?
310
What is the highest common divisor of 587 and 401?
1
Calculate the highest common divisor of 6222 and 5490.
366
Calculate the greatest common divisor of 24839 and 472.
59
Calculate the greatest common factor of 630 and 480.
30
Calculate the highest common factor of 144093 and 258.
129
Calculate the highest common factor of 37191 and 392.
49
What is the greatest common divisor of 1330 and 171?
19
What is the greatest common divisor of 4598 and 25498?
418
Calculate the highest common factor of 746286 and 522.
174
Calculate the greatest common divisor of 210217 and 20237.
413
What is the greatest common divisor of 3344 and 20482?
418
What is the greatest common divisor of 164307 and 21450?
429
Calculate the highest common divisor of 4400 and 110100.
100
Calculate the highest common divisor of 544 and 215584.
32
What is the highest common divisor of 320 and 21248?
64
What is the greatest common divisor of 25968 and 384?
48
What is the highest common factor of 1740 and 3840180?
1740
Calculate the greatest common factor of 16 and 3968.
16
What is the highest common divisor of 37 and 123247?
37
What is the highest common factor of 135312 and 48?
48
What is the highest common divisor of 7037 and 8928?
31
What is the greatest common factor of 6191503 and 757?
757
What is the highest common factor of 23865 and 6105?
555
Calculate the greatest common divisor of 26460 and 3348.
108
Calculate the greatest common divisor of 38259 and 2067.
39
What is the highest common divisor of 26132 and 52076?
188
Calculate the highest common factor of 168498 and 253.
253
What is the highest common factor of 1305 and 11970?
45
What is the highest common factor of 4660 and 120?
20
What is the greatest common factor of 758991 and 20688?
1293
Calculate the greatest common divisor of 795420 and 120.
60
What is the highest common factor of 148310 and 90?
10
Calculate the highest common divisor of 101460 and 60.
60
Calculate the highest common factor of 120 and 603740.
20
What is the highest common divisor of 896 and 23128?
56
What is the greatest common factor of 1397330 and 165?
55
What is the highest common divisor of 578 and 6613?
17
Calculate the highest common divisor of 201066 and 62.
62
What is the greatest common factor of 250 and 8210?
10
What is the greatest common divisor of 2328 and 33?
3
What is the greatest common divisor of 112 and 730408?
56
Calculate the highest common divisor of 42458 and 182.
26
What is the greatest common factor of 29647 and 23?
23
Calculate the highest common divisor of 891 and 65307.
33
What is the highest common divisor of 672 and 332976?
336
Calculate the greatest common factor of 20